{"id":53,"date":"2019-09-12T11:11:30","date_gmt":"2019-09-12T11:11:30","guid":{"rendered":"http:\/\/www.ismailkahraman.net\/?page_id=53"},"modified":"2022-02-22T12:27:55","modified_gmt":"2022-02-22T12:27:55","slug":"kutuphane","status":"publish","type":"page","link":"https:\/\/www.ismailkahraman.net\/?page_id=53","title":{"rendered":"K\u00dcT\u00dcPHANE"},"content":{"rendered":"\n<figure class=\"wp-block-image\"><img decoding=\"async\" src=\"http:\/\/www.iktav.com\/wp-content\/uploads\/2019\/02\/iktav-liste-1.jpg\" alt=\"\" class=\"wp-image-153\"\/><\/figure>\n\n\n\n<h2 class=\"wp-block-heading\" id=\"ilim-kultur-tarih-ve-teknoloji-arastirmalari-merkezi-kutuphanesi\"><strong>\u0130lim K\u00fclt\u00fcr Tarih ve Teknoloji Ara\u015ft\u0131rmalar\u0131 Merkezi K\u00fct\u00fcphanesi<\/strong><\/h2>\n\n\n\n<p>34 y\u0131l \u00f6nce k\u00fc\u00e7\u00fck bir k\u0131rtasiye d\u00fckkan\u0131ndan \u0130zmit&#8217;e gidip gelerek haftal\u0131k yay\u0131nlanmaya ba\u015flayan Gebze Gazetesi, bug\u00fcn T\u00fcrkiye&#8217;nin say\u0131l\u0131 yerel gazeteleri aras\u0131nda yer alarak istikrarl\u0131 yay\u0131nlar\u0131n\u0131 ba\u015far\u0131l\u0131 bir \u015fekilde s\u00fcrd\u00fcr\u00fcyor. Bas\u0131n \u0130lan Kurumuna kay\u0131tl\u0131, resmi ilan yay\u0131nlamaya yetkili 200 gazete fazla aras\u0131nda en fazla okunan ve tiraj\u0131 olan gazeteler aras\u0131nda ilk 30&#8217;da yer alman\u0131n hakk\u0131 gururu ve mutlulu\u011funu ya\u015f\u0131yoruz.<\/p>\n\n\n\n<p><strong>BUG\u00dcNLERE KOLAY GEL\u0130NMED\u0130<\/strong><\/p>\n\n\n\n<p>Tarihler 25 Mart 1985\u2026Gebze H\u00fck\u00fbmet caddesinde k\u00fc\u00e7\u00fck bir k\u0131rtasiye d\u00fckkan\u0131 ve gazetecilik ser\u00fcvenimizin ba\u015flad\u0131\u011f\u0131 tarih. Gebze&#8217;de b\u00fcy\u00fck \u00e7apta gazete basacak matbaa yok. \u0130zmit&#8217;te bug\u00fcn rahmeti rahmana kavu\u015fan Selahattin Telser\u2019in H\u00fcrs\u00f6z Gazetesine gidip, Merhum Telser ile haftal\u0131k gazete \u00e7\u0131karmak \u00fczere anla\u015f\u0131yoruz. Her hafta \u0130zmit\u2019e gidip gelmek suretiyle b\u00fcy\u00fck boy 50&#215;70 ebad\u0131nda bast\u0131\u011f\u0131m\u0131z gazetenin bizzat da\u011f\u0131t\u0131m\u0131n\u0131 yapt\u0131\u011f\u0131m\u0131z y\u0131llar.<\/p>\n\n\n\n<p>O g\u00fcnlerde gazete yay\u0131mlamak olduk\u00e7a zor. Teknoloji olduk\u00e7a gerilerde. Bug\u00fcn \u0130leti\u015fim Fak\u00fcltesi mezunlar\u0131n\u0131n bile o g\u00fcnk\u00fc teknolojiyle ilgili ad\u0131n\u0131 bile hat\u0131rlamad\u0131klar\u0131 entertip dizgi makinalar\u0131, elde dizilen gazeteler, yar\u0131 otomatik makinalar, foto\u011fraflar\u0131n gazeteye bas\u0131lmas\u0131 i\u00e7in \u0130stanbul&#8217;da bas\u0131lan resimlerin kli\u015fe olarak gazeteye bas\u0131lmas\u0131 her biri ba\u015fl\u0131 ba\u015f\u0131na bir merasim, bir s\u0131k\u0131nt\u0131yd\u0131.<\/p>\n\n\n\n<p>O y\u0131llarda ne mail, ne dijital ortam ne de geli\u015fmi\u015f Teknoloji vard\u0131. Haberler \u00f6nce bas\u0131n toplant\u0131lar\u0131nda not ka\u011f\u0131tlar\u0131na yaz\u0131l\u0131yor, ard\u0131ndan daktilonun kar\u015f\u0131s\u0131na ge\u00e7ilip daktilo da yaz\u0131l\u0131p entertip m\u00fcrettibine veriliyor. M\u00fcrettip matrislere d\u00f6k\u00fcp, potadaki kur\u015funlardan gazete sat\u0131rlar\u0131na ge\u00e7iyor, daha sonra da yar\u0131 otomatik makinalarda gazeteler \u00e7\u0131k\u0131yordu.<\/p>\n\n\n\n<p><strong>SEKA&#8217;DAN KA\u011eIT TAHS\u0130S\u0130<\/strong><\/p>\n\n\n\n<p>O g\u00fcnlerde gazete ka\u011f\u0131d\u0131 bulmakta olduk\u00e7a zordu. Bug\u00fcn park olan \u0130zmit\u2019te ki Seka fabrikas\u0131nda valilikten yaz\u0131 al\u0131p, gazete ka\u011f\u0131d\u0131 tahsisi ald\u0131\u011f\u0131m\u0131z g\u00fcnler. SEKA\u2019n\u0131n koridorlar\u0131nda ko\u015fu\u015fturmam\u0131z ve SEKA ka\u011f\u0131t fabrikas\u0131n\u0131n devasa bobinlerle \u00e7al\u0131\u015fmalar\u0131, fabrikadan kamyon ve t\u0131rlarla T\u00fcrkiye\u2019nin d\u00f6rt bire taraf\u0131na giden gazete k\u00e2\u011f\u0131tlar\u0131\u2026Bu muhte\u015fem fabrikay\u0131 sanki d\u00fcn gibi hat\u0131rl\u0131yorum.<\/p>\n\n\n\n<p><strong>GAZETEN\u0130N GE\u00c7\u0130RD\u0130\u011e\u0130 EVRELER<\/strong><\/p>\n\n\n\n<p>Hi\u00e7 bir s\u0131k\u0131nt\u0131 bizleri gazetecilik sevdas\u0131ndan vaz ge\u00e7irmedi. Teknoloji yak\u0131ndan takip ettik. Hi\u00e7 unutmuyorum. 1987 y\u0131l\u0131nda art\u0131k \u0130zmit\u2019ten kurtulup Kendi tesislerimizi Gebze\u2019de olu\u015fturduk. Entertip dizgi ve bask\u0131 makinalar\u0131 alm\u0131\u015ft\u0131k. Haftal\u0131ktan g\u00fcnl\u00fck yay\u0131na ge\u00e7ip istikrarl\u0131 yay\u0131n\u0131m\u0131z\u0131 s\u00fcrd\u00fcr\u00fcp 90\u2019l\u0131 Y\u0131llar\u0131n ba\u015f\u0131nda kendi m\u00fclk\u00fcm\u00fcz olan matbaa tesislerinde yay\u0131n\u0131m\u0131za devam edip, 1993 y\u0131l\u0131nda Gebze\u2019nin ilk radyosu olan Gebze FM i kurarak radyo yay\u0131nc\u0131l\u0131\u011f\u0131na ge\u00e7tik. Vas\u0131fl\u0131 ve resmi ilana kay\u0131tl\u0131 ilk gazete olarak, Ba\u015fbakanl\u0131k BYEGM taraf\u0131ndan sar\u0131 bas\u0131n kart\u0131 almak suretiyle geli\u015fmemizi s\u00fcrd\u00fcr\u00fcp, istikrarl\u0131 yay\u0131n \u00e7izgimizden hi\u00e7 sapmadan bug\u00fcnlere gelirken medya sekt\u00f6r\u00fcnde ki geli\u015fmeleri de hep yak\u0131ndan takip ettik. Medya sekt\u00f6r\u00fcndeki STK\u2019larla hep i\u015f birli\u011fi yapm\u0131\u015f, Gebze\u2019den kopmadan ulusal ve Uluslararas\u0131 d\u00fczeyde medya sekt\u00f6r\u00fcn\u00fc t\u00fcm geli\u015fmelerini benimsedik.<\/p>\n\n\n\n<p><strong>GAZETE EM\u0130N ELELERDE<\/strong><\/p>\n\n\n\n<p>Zaman ge\u00e7tik\u00e7e medya sekt\u00f6r\u00fcndeki geli\u015fmelerde \u00e7ok \u00f6nemli olaylar oldu. \u00d6zellikle TV yay\u0131nc\u0131l\u0131\u011f\u0131 b\u00fcy\u00fck ilgimi \u00e7ekti, yaz\u0131l\u0131 medyadan belgeselcili\u011fe ge\u00e7ip, Gazetecili\u011fi bu alanda s\u00fcrd\u00fcrmeye karar verdi\u011fimde Gazeteyi bizden daha iyi yerlere ta\u015f\u0131yacak karde\u015fim Yunus Kahraman\u2019\u0131n y\u00f6netimine gazeteyi b\u0131rak\u0131p, belgeselcilik alan\u0131nda yurt i\u00e7i ve yurt d\u0131\u015f\u0131 belgesel \u00e7ekimlerine \u00f6nem vermeye ba\u015flad\u0131k. Art\u0131k gazetemiz emin ellerdeydi ve istikrarl\u0131 bir \u015fekilde b\u00fcy\u00fcmesini s\u00fcrd\u00fcr\u00fcrken de\u011fi\u015fik alanlarda da k\u00fclt\u00fcrel \u00e7al\u0131\u015fmalar, sosyal medya ve etkinlikleriyle ba\u015far\u0131dan ba\u015far\u0131ya ko\u015farken bizde mutluluk ve heyecanla Gazetedeki geli\u015fmeleri hem yak\u0131ndan takip ediyor hem de ulusal ve uluslararas\u0131 d\u00fczeyde belgeselcili\u011fimize a\u011f\u0131rl\u0131k veriyoruz.<\/p>\n\n\n\n<p><strong>BELGESELC\u0130L\u0130KLE B\u0130LG\u0130LER\u0130M\u0130Z\u0130 PAYLA\u015eIYORUZ<\/strong><\/p>\n\n\n\n<p>Gebze\u2019den hi\u00e7 bir zaman kopmad\u0131k ve kopmay\u0131 d\u00fc\u015f\u00fcnm\u00fcyorum. Gebze\u2019den kopmadan ulusal ve uluslararas\u0131 d\u00fczeyde TV belgeselcili\u011fi yaparken bu \u00e7al\u0131\u015fmalar\u0131 her g\u00fcn ara vermeden gazetemizin ikinci sayfas\u0131nda \u201cBelgeselcinin Not Defteri\u201dad\u0131yla sizlerle payla\u015f\u0131yorum. 80\u2019e yak\u0131n \u00fclkeye giderek ara\u015ft\u0131rmalar ve belgeseller \u00e7ekmekte, toplant\u0131 konferans ve seminerleri takip etmekte, ulusal ve uluslararas\u0131 d\u00fczeydeki sempozyumlara bildiriler sunmaktay\u0131m. 3 y\u0131l \u00f6nce de\u011fi\u015fik STK\u2019lardan arkada\u015flar\u0131m\u0131zla birlikte T\u00fcrk D\u00fcnyas\u0131 Gazeteciler Federasyonu\u2019nu olu\u015fturup, T\u00fcrk D\u00fcnyas\u0131 Gazeteciler \u015furalar\u0131 d\u00fczenlemekte, T\u00fcrk D\u00fcnyas\u0131 Belgesel film Festivalleri organize ederek K\u00fclt\u00fcr ve Medeniyet tarihimize hizmet etmenin gururu ve mutlulu\u011funu ya\u015famaktay\u0131m. Bu \u00e7al\u0131\u015fmalar yorucu oldu\u011fu kadar insana heyecan vermekte. Bilgi sahibi olmaktay\u0131z ve bilgilerimizi ba\u015fkalar\u0131yla da payla\u015farak bilgi eri\u015fmekte \u00f6nemli \u00e7al\u0131\u015fmalara imzalar atarak kubbede ho\u015f seda b\u0131rakmaya \u00e7al\u0131\u015fmaktay\u0131z.<\/p>\n\n\n\n<p><strong>B\u0130NLERCE DOK\u00dcMAN VE B\u0130LG\u0130 AR\u015e\u0130V\u0130<\/strong><\/p>\n\n\n\n<p>Gazetecilik ve Belgeselcilik demek bilgi ve belge ar\u015fivine ah\u015fap olmak demektir. Gazetemiz 34. Y\u0131l\u0131nda. Ancak bizim Gazetecili\u011fe amat\u00f6r ba\u015flad\u0131\u011f\u0131m\u0131z zaman ise 43 y\u0131l\u0131 bulmakta. 43 y\u0131ll\u0131k gazetecilik bilgi ve birikim ve ar\u015fivlerimi hep toplad\u0131m. \u0130lk \u00e7ekti\u011fim foto\u011fraf ilk sat\u0131n ald\u0131\u011f\u0131m foto\u011fraf makinas\u0131, kitaplar\u0131m, yaz\u0131lar\u0131m, \u00e7ekti\u011fim belgeseller devasa bir ar\u015fiv olu\u015fturdu. Son y\u0131llarda bu ar\u015fivin nas\u0131l muhafaza edilece\u011fini bu ar\u015fivin tarih ve k\u00fclt\u00fcr ara\u015ft\u0131rmac\u0131lar\u0131n\u0131n hizmetine nas\u0131l sunulaca\u011f\u0131 konusunda kara kara d\u00fc\u015f\u00fcnmeye ba\u015flad\u0131m. On bine yak\u0131n kitap ve dergi ar\u015fivi on binlerce foto\u011fraf, y\u00fczlerce saat belgesel video g\u00f6r\u00fcnt\u00fc kay\u0131tlar\u0131 ile \u00e7ok geni\u015f ve \u00f6nemli k\u00fclt\u00fcr tarih ve bilgi ar\u015fivi olu\u015fmu\u015f. Bu ar\u015fivler mutlaka gelecek ku\u015faklara aktar\u0131lmas\u0131 i\u00e7in ne yap\u0131labilece\u011fi \u00fczerinde karar kara d\u00fc\u015f\u00fcn\u00fcrken bunlar\u0131n kurulabilecek bir vak\u0131fla ger\u00e7ek anlamda muhafaza edilip k\u00fclt\u00fcr ve medeniyet tarihimizin hizmetine sunulabilece\u011fi \u00fczerinde fikir sahibi oldum.<\/p>\n\n\n\n<p><strong>34. YIL K\u00dcLT\u00dcR H\u0130ZMET\u0130M\u0130Z \u0130KTAV VAKFI<\/strong><\/p>\n\n\n\n<p>43 y\u0131ll\u0131k gazetecilik birikimimizi bilgi belge ve g\u00f6r\u00fcnt\u00fc ar\u015fivlerimizi gelecek ku\u015faklarla aktarabilmek i\u00e7in son 4 y\u0131ld\u0131r bir vak\u0131f kurma gayreti ve \u00e7abas\u0131 i\u00e7indeyim. Uzun ve zor bir s\u00fcre\u00e7 yalad\u0131k. Kolayla\u015ft\u0131r\u0131lmas\u0131na ra\u011fmen ger\u00e7ekten \u00e7ok zor \u015fartlarda kurulan ve hi\u00e7 bir kimseden yard\u0131m talep etmeden kendime ait bir gayrimenkul\u00fc sermaye olarak vakfa ba\u011f\u0131\u015flay\u0131p \u0130lim, K\u00fclt\u00fcr, Tarih ve Teknoloji Vakf\u0131 ad\u0131yla aile vakf\u0131 kurmak i\u00e7in 4 y\u0131l \u00f6nce ba\u015flad\u0131\u011f\u0131m\u0131z \u00e7al\u0131\u015fma nihayet meyvelerini verdi. Uzun u\u011fra\u015f ve \u00e7abalar sonucu 21 Mart 2018 tarihinde \u0130KTAV vakf\u0131n\u0131 kurarak 43 y\u0131ld\u0131r gazetecilik ve belgeselcilik birikimimi ar\u015fivimi bu vakfa ba\u011f\u0131\u015flad\u0131m. Bug\u00fcn 120 metrekarelik yerde bulunan bu ar\u015fiv \u00f6n\u00fcm\u00fczde ki d\u00f6nemde daha bir geni\u015fletilerek ar\u015fivimizde ki bilgi ve belgeleri kamuoyu ile payla\u015f\u0131p ara\u015ft\u0131rmac\u0131lara Akademisyenlere, ilim adamlar\u0131na hizmet edecek hale getirmek en b\u00fcy\u00fck idealim. Bu konuda \u00e7al\u0131\u015fmalar\u0131m s\u00fcr\u00fcyor. 34 y\u0131ll\u0131k gazete ar\u015fivimizin t\u00fcr\u00fc bu vak\u0131f sayesinde gelecek ku\u015faklara aktar\u0131lacak bu bilgi ve birikim k\u00fclt\u00fcr\u00fcm\u00fcz\u00fcn hizmetinde olacakt\u0131r. Uzun bir kurulu\u015f s\u00fcrecinin ba\u015far\u0131yla neticelenmesi t\u00fcm yorgunluklar\u0131m\u0131z\u0131 unutturdu. Kurulu\u015f senedimiz Resmi Gazetede yay\u0131nlanarak resmiyet kazand\u0131.<\/p>\n\n\n\n<p><strong>BAK\u0130 KALAN KUBBEDE HO\u015e B\u0130R SEDA<\/strong><\/p>\n\n\n\n<p>Evet zaman ne de h\u0131zl\u0131 ge\u00e7iyor. Gebze Gazetesi\u2019nin kurulu\u015f y\u0131llar\u0131 \u00fczerinden 34 y\u0131l ge\u00e7mi\u015f. Gazetecilik mesle\u011fine ba\u015flad\u0131\u011f\u0131m\u0131z y\u0131l\u0131n \u00fczerinden de 43 y\u0131l. Geriye do\u011fru bakt\u0131\u011f\u0131mda ge\u00e7ti\u011fimiz zaman\u0131 bir huzur ve mutluk i\u00e7erisinde ba\u015far\u0131dan ba\u015far\u0131ya kendiyle yar\u0131\u015fan K\u00fclt\u00fcr ve Medeniyet tarihimize hizmet edecek eserler ortaya koyarak ge\u00e7ti\u011fimiz y\u0131llar\u0131 anlaml\u0131 hale getirmeye \u00e7al\u0131\u015ft\u0131k. Ger\u00e7ekten zaman h\u0131zla ge\u00e7iyor. \u00d6m\u00fcr k\u0131sac\u0131k. Hayatta bir \u00e7ok \u015feyler ya\u015f\u0131yorsunuz. Ama geriye do\u011fru bakt\u0131\u011f\u0131mda iyi ki Gazetecilik yapm\u0131\u015f\u0131m, iyi ki belgeselci olarak Gazetecili\u011fimi devam ettiriyorum. Zaman ne kadar h\u0131zla ge\u00e7erse ge\u00e7sin g\u00f6k kubbede ho\u015f sedalar b\u0131rakmak gerekiyor. Baki kalan G\u00f6k Kubbede ho\u015f seda b\u0131rakmak imi\u015f. Bu duygu ve d\u00fc\u015f\u00fcncelerle Gazetemizin Kurulu\u015fu\u2019nun 34. Y\u0131l\u0131n\u0131 kutluyor, bizlerden deste\u011fini hi\u00e7bir zaman esirgemeyen vefal\u0131 okurlar\u0131m\u0131za te\u015fekk\u00fcr ediyorum.<\/p>\n\n\n\n<p class=\"has-x-large-font-size\"><a href=\"http:\/\/www.iktav.com\/\" target=\"_blank\" rel=\"noreferrer noopener\"><strong>www.iktav.com<\/strong><\/a><\/p>\n","protected":false},"excerpt":{"rendered":"<p>\u0130lim K\u00fclt\u00fcr Tarih ve Teknoloji Ara\u015ft\u0131rmalar\u0131 Merkezi K\u00fct\u00fcphanesi 34 y\u0131l \u00f6nce k\u00fc\u00e7\u00fck bir k\u0131rtasiye d\u00fckkan\u0131ndan \u0130zmit&#8217;e gidip gelerek haftal\u0131k yay\u0131nlanmaya ba\u015flayan Gebze Gazetesi, bug\u00fcn T\u00fcrkiye&#8217;nin say\u0131l\u0131 yerel gazeteleri aras\u0131nda yer alarak istikrarl\u0131 yay\u0131nlar\u0131n\u0131 ba\u015far\u0131l\u0131 bir \u015fekilde s\u00fcrd\u00fcr\u00fcyor. Bas\u0131n \u0130lan Kurumuna kay\u0131tl\u0131, resmi ilan yay\u0131nlamaya yetkili 200 gazete fazla aras\u0131nda en fazla okunan ve tiraj\u0131 olan&hellip;<\/p>\n","protected":false},"author":1,"featured_media":0,"parent":0,"menu_order":0,"comment_status":"closed","ping_status":"closed","template":"","meta":{"footnotes":""},"class_list":["post-53","page","type-page","status-publish","hentry"],"_links":{"self":[{"href":"https:\/\/www.ismailkahraman.net\/index.php?rest_route=\/wp\/v2\/pages\/53","targetHints":{"allow":["GET"]}}],"collection":[{"href":"https:\/\/www.ismailkahraman.net\/index.php?rest_route=\/wp\/v2\/pages"}],"about":[{"href":"https:\/\/www.ismailkahraman.net\/index.php?rest_route=\/wp\/v2\/types\/page"}],"author":[{"embeddable":true,"href":"https:\/\/www.ismailkahraman.net\/index.php?rest_route=\/wp\/v2\/users\/1"}],"replies":[{"embeddable":true,"href":"https:\/\/www.ismailkahraman.net\/index.php?rest_route=%2Fwp%2Fv2%2Fcomments&post=53"}],"version-history":[{"count":5,"href":"https:\/\/www.ismailkahraman.net\/index.php?rest_route=\/wp\/v2\/pages\/53\/revisions"}],"predecessor-version":[{"id":176,"href":"https:\/\/www.ismailkahraman.net\/index.php?rest_route=\/wp\/v2\/pages\/53\/revisions\/176"}],"wp:attachment":[{"href":"https:\/\/www.ismailkahraman.net\/index.php?rest_route=%2Fwp%2Fv2%2Fmedia&parent=53"}],"curies":[{"name":"wp","href":"https:\/\/api.w.org\/{rel}","templated":true}]}}